*b - 1215. Is s(-8) prime?
False
Let j(u) be the first derivative of 5*u**4/3 - u**3/6 - 7*u**2/2 + 36*u - 6. Let w(b) be the first derivative of j(b). Is w(6) composite?
True
Let i(o) = 163*o**2 + 4*o. Let c be i(2). Let r = 2649 + c. Is r composite?
True
Let l(o) = -396*o + 25. Let w(r) = -2*r**2 - 7*r + 15. Let k(t) = -3*t**2 - 11*t + 23. Let b(c) = 5*k(c) - 8*w(c). Let v be b(0). Is l(v) prime?
False
Suppose 3301 = -q + 11146. Let s(n) = -166*n**3 - 9*n**2 + 17*n - 4. Let k be s(3). Let c = k + q. Is c composite?
False
Suppose -101*g + 106*g + 530833 = 3*c, 530827 = 3*c - 2*g. Is c composite?
True
Suppose -18*x + 184987 = -797255. Is x composite?
True
Let r be 5 - ((-3 - -3) + 1). Let f = 5 - r. Is -1 - (3 + f + -858) a prime number?
True
Suppose 3*d - 21 = 3*w, 2*d - 4*w - 24 = -0*d. Suppose 0 = -2*s - 10*x + 9*x + 15148, -7577 = -s - d*x. Is s prime?
True
Is 2/6*-6*(1 + (-247455)/6) a prime number?
True
Let c(p) = p**3 - 15*p**2 + 7*p + 113. Let t be c(14). Is (t - (4 + 6)) + 1 + 6899 composite?
True
Suppose 2*x + 14 = 4*a, 0*a = -4*a - 4*x - 4. Let w = -487 - -1020. Suppose -4*h + 5*j + 1071 = 0, 2*h - 3*j - a*j = w. Is h prime?
True
Let g = 5 + -3. Suppose g*h + h = z + 1020, 0 = 4*h + 8. Let c = -695 - z. Is c composite?
False
Let a(k) = 5*k**2 - 38*k - 2612. Is a(65) prime?
False
Let f(x) = 17679*x**2 + 71*x - 143. Is f(2) a prime number?
False
Let l(r) = -r**3 + 73*r**2 + 35*r - 112. Is l(-47) composite?
False
Let d(h) = 303*h**3 + 18*h**2 - 16*h + 62. Is d(12) composite?
True
Let c(f) = -f**3 + 14*f**2 + 10*f - 2. Suppose -4*v + 24 = -2*v - 3*w, 3*w - 60 = -5*v. Let s be c(v). Let o = s + -283. Is o a composite number?
True
Suppose -4*s + 7*s - 5 = q, -2*q + 3*s - 4 = 0. Is (q + 1)/(((-80)/35345)/(-8)) a composite number?
False
Is (-21 - 1)*((421110/(-20) - -14) + -3) a prime number?
False
Let r(j) = -6*j**3 + 11*j - 11. Suppose -18 - 3 = 3*k. Let v be r(k). Suppose -630 = -f - 5*g, 6*f - g - v = 3*f. Is f a composite number?
True
Suppose 3*m = -2*x + 1817 + 738, 0 = -4*m + 5*x + 3422. Let k = -21 - -21. Suppose -4*p + 2*g + 3358 = k, 0 = -3*p + 2*p - 4*g + m. Is p a composite number?
True
Let v = 30 - 13. Let b = -11 + v. Is ((-3)/b*502)/(-1) prime?
True
Let v(h) = -5298*h**3 + 5*h**2 - 5*h. Let g be v(-3). Is g/9 + (-5)/(-15) composite?
False
Let b = -24 - -32. Let i be 1352/6*36/b. Is (2/(-1))/((-12)/i) composite?
True
Suppose 0 = -i - 5*f + 4758, -f = -2*i + 10989 - 1440. Let c = -3122 + i. Is c a composite number?
True
Let n be (-2376)/36*(-5)/2. Suppose n*a = 168*a - 603. Is a a composite number?
True
Suppose 2*w - 11*w + 18 = 0. Suppose -5*p = w*y + 169, 0 = -4*p - 4*y - 30 - 110. Is (22/p)/((-2)/483) a composite number?
True
Suppose 0*g = 2*g. Let d be (3 - 0) + (15 - 77/11). Suppose g = n + d - 126. Is n prime?
False
Let c be (-3)/2*(-4)/(-6) - -5. Suppose 3*v - 489 = 4*q, -3*v + c*v = 3*q + 163. Suppose v = 2*s - s. Is s a prime number?
True
Let p be (-1 + 0)/(1/446*-2). Let x(l) = -5 - 55*l + p*l - 2. Is x(2) prime?
False
Suppose -60*r + 6318 = -63*r. Let n = r + 6365. Is n composite?
False
Suppose 9*q + 3*r - 500430 = 0, 4*q - 222415 = -21*r + 18*r. Is q composite?
False
Suppose -24*o + 52 = -11*o. Suppose -o*j = 2*p - 4798 - 9766, 0 = 5*p. Is j a prime number?
False
Let q be 3/30 + ((-885192)/(-80))/21. Suppose -7*y + q = -1986. Is y a prime number?
True
Let h(v) = v**2 - 15*v - 45. Let p be ((-4)/(-10))/((-3)/(-45)). Suppose -8*t = -p*t - 40. Is h(t) a prime number?
False
Is 1420116*((-3)/(-4) - 196/294) composite?
False
Let s = -59843 + 2715474. Is s prime?
False
Let q be (-2 - (-11 + 9)) + 69*-237. Let k = q + 25842. Is k a composite number?
True
Let j(z) = z**2 + 2*z - 20. Let x be j(-6). Let c(y) = 1088*y + 7. Let k(u) = 1087*u + 8. Let i(f) = -5*c(f) + 6*k(f). Is i(x) a prime number?
False
Let p(m) be the second derivative of -7*m**3/6 - 31*m**2/2 + 15*m. Let g be p(-5). Is g + -3 + (-1 - -287) prime?
False
Let p be (-1 + 6/18)/((-2)/492). Let z(x) = 2*x**2 - 2*x - 4. Let l be z(-5). Suppose 4*g - l = p. Is g a prime number?
False
Is (-118427)/(-14) - (-83)/(-1162) prime?
False
Suppose -2*f - 14 = -5*b, 3*f - 4*b + 5 = -2. Suppose 2*a = -f*o + 27469, 2*a = 5*o + a - 45773. Is o composite?
True
Let s(k) = 1480*k**3 + 3*k**2 - 2*k. Let n be 88/(-12)*(0 - (-36)/(-8)). Let b = n + -32. Is s(b) a prime number?
True
Suppose 246*v - 250*v + 7918616 = 5*j, 1979654 = v - j. Is v composite?
True
Let o = 121 + -120. Let n be ((-42)/(-35))/(6/2000). Is (o/1)/(n/(-402) - -1) composite?
True
Let g(d) = 1179*d**2 + 7*d - 111. Is g(-7) composite?
True
Let p = 27148 + 81883. Is p a prime number?
False
Suppose -4*u = 14*u - 252. Suppose 10770 = 2*c - 2*w, -3*w + u - 20 = 0. Is c composite?
True
Suppose 5*a - 16454 = 2*l, 6748 = -5*a - 4*l + 23190. Let i = -787 + a. Is i a composite number?
False
Suppose -1474 = 3*o + 695. Suppose -12*h + 34560 = 15*h. Let x = o + h. Is x a composite number?
False
Let x(v) = 9*v**3 + 11*v**2 - 5*v - 11. Let t be x(12). Let i = -3522 + t. Let r = i - 8996. Is r a composite number?
False
Let l = 107145 - 59066. Is l composite?
False
Let g(v) = 57*v + 135. Let n be g(5). Is 9912/n*(-10)/(-4) prime?
True
Let r(w) = 7*w**2 - 8*w + 23. Let h be (0 - -19) + 12/4. Suppose -h = 2*x - 3*l, 3*l = 8*l + 10. Is r(x) a composite number?
True
Let s(j) = j**2 + 3*j - 1. Let i be s(2). Let z(d) = 16*d**2 + 2 - 290*d - d**3 + 573*d - 291*d + 2. Is z(i) a prime number?
True
Is (2/4)/((-91638421)/6545602 + 14) prime?
True
Suppose -25*m - 48 = -m. Is 24627/6 + -1 + (-3)/m composite?
True
Suppose 124*g - 13449792 - 4233729 = 13*g. Is g a prime number?
True
Let l(q) = 2*q**3 - q**2 - q - 1. Let g be l(2). Suppose 15 = 12*u - g. Is 1/u + (-35623)/(-14) a composite number?
True
Let g(y) = 3245*y**3 + 2*y**2 + 1. Let o be 1/(-6) + 3 + (-20)/24. Is g(o) prime?
True
Let k(g) = -2898*g + 3583. Is k(-88) prime?
True
Let m be (-15)/3 + (8813 - -12). Suppose 17559 = 3*f - 3*d, -2*f + 2882 = -3*d - m. Is f prime?
True
Suppose 38*h + 55*h - 5433711 = 0. Is h a composite number?
False
Suppose 0 = 18*t - 22*t, 5*t - 195003 = -3*j + 61251. Is j a prime number?
False
Suppose -10952 = -15*h + 27733. Is h composite?
False
Let y be 8/14*154/44. Suppose -3*n - 1981 = y*n - 2*h, -3*n = 4*h + 1173. Is (-5 - -4)*(n + -2) a composite number?
False
Is (-278 + -3)*74*1/(-9 - -7) prime?
False
Let r(d) = 9536*d + 519. Is r(5) prime?
False
Suppose 0 = 104*b - 102*b - 206. Suppose -2*y = -b + 1. Is y a prime number?
False
Let b be 3*3/27*-3*-2. Suppose -3*y - 4*a = a - 8207, b*a + 5450 = 2*y. Is y prime?
True
Let y(q) = 86230*q - 2163. Is y(26) a prime number?
False
Let w be ((-18)/(-5))/((0 - 2)/(-10)). Is -3*(-4)/w + 8845/3 composite?
True
Let s = -920 + 888. Is (-3794)/(-6) + s/24 a composite number?
False
Let s(g) = g**3 + 6*g**2 - 15*g + 10. Let y be s(-8). Let t(l) = -l**3 + 4*l**2 - 5*l + 4. Let k be t(y). Is (246/k)/(-2 - -3) prime?
False
Let u be (-4)/(-12) + (3 - (-15)/9). Suppose 4*y + 24 = u*p, -2*y + 9 = 1. Let x(h) = 4*h**2 - 7*h + 11. Is x(p) composite?
False
Let w = -226 - -229. Is -4 - w/6*-11482 prime?
True
Let g(x) be the first derivative of -6 - 3*x**3 + 1/4*x**4 + 3/2*x**2 - 19*x. Is g(10) a composite number?
True
Let y = 68241 + -25920. Is y composite?
True
Let l be 3 - (15/(-6))/(3/(-12)). Let j(o) = -o**3 - o**2 - 7*o - 8. Is j(l) a prime number?
False
Suppose 34*f - 7963317 = 1894337. Is f a composite number?
True
Let z = -217 - -217. Suppose -3*y + b + 4953 = z, 4*y = 3*y + 3*b + 1651. Is y a prime number?
False
Is 18970 + -2 - 777/37 a prime number?
True
Suppose 2*v = -3*v + 10. Let q be (-2181)/(-6) + 2 + (-7)/v. Let k = q - 201. Is k a prime number?
False
Suppose -692*o + 643*o + 1930453 = 0. Is o prime?
True
Suppose -16 = -4*m, m = p + 6*m - 32. Suppose -37117 + 3145 = -p*x. Is x prime?
False
Let l(z) = -25 - 3*z**3 + 22*z**2 - 2*z**2 + z**3 + 53*z + z**3 + 0*z**3. Is l(21) prime?
True
Let k be 3/((4 - 2 - -1)/29698). Is (k/93)/((-4)/(-78)) a composite number?
True
Let g be (-11 - -13)/((-2)/4). Let q(x) = 77*x**2 + 12*x - 5. Let k be q(g). Let p = 3128 - k. Is p a prime number?
True
Let l be 66/24 - (-6)/24. Suppose 0 = z - 6*z + 5*b + 40, -b - 4 = 0. Suppose 0 = -3*a + 2*a + z*u + 2039, 4*u = -l*a + 6165. Is a pr